8*l + 8. Let b be q(-6). Let a = b + 69. What is the units digit of a?
5
Let c(n) = -n**3 - 33*n**2 - 130*n + 48. What is the hundreds digit of c(-31)?
1
Suppose 0 = 2*q + 2*d - 5772, q + 4*d - d - 2880 = 0. What is the units digit of q?
9
Suppose 313 = 4*q + 5*s, 0*q + 5*s = 2*q - 119. Let k be q/(-4)*8/6. Let g = k + 60. What is the units digit of g?
6
Suppose -v - 28*i + 24*i + 1665 = 0, -2*v + 4*i + 3270 = 0. What is the thousands digit of v?
1
Suppose 0 = 20*d - 30*d + 11410. What is the hundreds digit of d?
1
Let v(c) = c**3 - 4*c**2 - 6*c + 19. What is the units digit of v(9)?
0
Let d be (8/5)/(-1 - (-21)/35). Let y be 1/(-1) - 19/(-1). Let n = d + y. What is the tens digit of n?
1
Let k = -13 - -22. Let f(q) = q**3 - 9*q**2 - q + 4. Let r be f(k). What is the units digit of 3/(2 + r)*-14?
4
Let d = 817 - 525. What is the units digit of d?
2
Suppose -4*c - 3*z = -4*z - 220, 3*c = 3*z + 156. Suppose 0 = -d + 18 + c. What is the units digit of d?
4
Let g(m) = -27*m**2 - 1. Let y be g(-1). Let t = -175 - -228. Let z = t + y. What is the units digit of z?
5
Let a(c) = 42*c**3 - c**2 + c - 1. Suppose 3*n = 6*n - 3. Suppose -17 = -f - 4*s, 5*s - n = 2*f + 17. What is the tens digit of a(f)?
4
Let c(r) = r**3 + r**2 - r + 2. Let f be c(-2). Let k(n) = 1 - 7*n**3 + f*n**3 - 2*n**3 + 2*n. What is the units digit of k(-1)?
8
Suppose 4*o = -2*d + 1391 + 459, 2*d - 3*o = 1815. What is the hundreds digit of d?
9
Let k = 101 + -97. Suppose 3*t = k*f - 421, -5*t = f + 53 - 164. What is the tens digit of f?
0
Suppose 2*u - 6*u = -8. Let j be (-4)/(1 + u/(-3)). What is the units digit of (8/j)/((-2)/15)?
5
Suppose -2*l = -f - 3*f + 90, 0 = 5*l - 5*f + 225. Let r(y) = y**2 + 4. Let w be r(0). What is the units digit of (-198)/l - w/10?
4
What is the hundreds digit of 3315/6*4/60*12?
4
Suppose -2*f - 7*f + 2349 = 0. Suppose -3*r + 96 = -f. What is the tens digit of r?
1
Suppose w - 55 = -2*y + 400, 5*y - 1155 = w. What is the units digit of y?
0
Suppose 15 + 63 = 4*x - 3*r, -5*x + 5*r = -100. Suppose 3*p = -0*p + x. What is the tens digit of p/(-27) + (-870)/(-27)?
3
Let y be (-76)/(-2 - -1) + -3. Let r(p) = -p**2 - 7*p + 10. Let o be r(-12). Let h = o + y. What is the units digit of h?
3
Suppose 0 = -27*h + 29*h - 880. What is the units digit of h?
0
Suppose -11*v + 7560 + 2736 = 0. What is the hundreds digit of v?
9
Let a(z) = 6*z**2 - z - 23. What is the hundreds digit of a(7)?
2
Let x(v) = v + 1. Let b(s) = -s**2 - 1. Let k(d) = -5*b(d) + x(d). What is the units digit of k(-3)?
8
Let v(h) = 103*h**2 - 2*h + 19. What is the units digit of v(4)?
9
Suppose -5 = c - 6*c. Let t be -9 - -17 - 2/c. What is the units digit of 2 + 33 - (-6)/t?
6
Let z(u) = -3*u + 26. Let v be z(6). What is the tens digit of 144/v*(-10)/(-4) + -2?
4
Let v = 4 + -56. What is the hundreds digit of 4/26 + ((-8520)/v - -7)?
1
Let m(o) = -138*o**3 + 3*o + 3. What is the tens digit of m(-1)?
3
Let s be 10/4*(-4)/(-5). Suppose 2*c + 0*c + 10 = 0, 2*c = -4*p + 14. What is the tens digit of (p/(-3))/s + 20?
1
Let q(f) = 6*f**2 - 33*f - 253. What is the hundreds digit of q(-25)?
3
Let h(f) = 212*f + 717. What is the thousands digit of h(10)?
2
Suppose -q = -52 + 4. Let u be (10 + (-8)/2)*(-9)/(-6). Suppose u = 3*w - q. What is the units digit of w?
9
Suppose -78 + 66 = -4*t. Suppose -t*d - 3*d = -636. What is the tens digit of d?
0
Let z(s) = s**3 - 8*s**2 + 4*s + 1. Let y(q) = q - 1. Let o be y(9). Let x be z(o). Suppose 221 = 5*u + n, -n = u + 2*n - x. What is the tens digit of u?
4
Let r(f) = f**2 - 24*f - 7. What is the tens digit of r(-5)?
3
What is the tens digit of 5166*((-726)/(-77))/11?
2
Suppose u + 10 = 4*n, 0*n = u - n - 5. Suppose u*c - 33 - 27 = 0. What is the units digit of c?
6
Suppose 8 - 88 = s. Let m = s + 242. What is the units digit of m?
2
Let p = -13 - -13. Let v(r) = 1 + 4*r + r + p*r + 3*r. What is the units digit of v(6)?
9
Suppose 2*x = 4*b - 1660, 2*b - 5*x = -0*b + 846. What is the units digit of b?
3
Let k(j) = j**2 - 9*j - 12. Let c be k(9). Let h(l) = 3*l + 12. Let y be h(c). What is the units digit of 8*-3*4/y?
4
Let f(m) = -10*m + 8. Let r be f(-6). Suppose 4*z + 3*n - 272 = n, -z = -4*n - r. What is the units digit of z?
8
Let p be -2*(1 + 0) + 7. Let u(n) = -n**3 + 6*n**2 - n - 5. What is the tens digit of u(p)?
1
Suppose -4*a + 25 = a. Suppose 24 = a*p + p. What is the units digit of p?
4
Suppose -7 = 4*m - 3*m. Let l(a) = -a**2 - 7*a - 1. Let h be l(m). What is the units digit of (5 - -13)*h/(-2)?
9
Let y = 3 - 1. Let h(u) = -2*u + 2. Let t(q) = q - 2. Let x(d) = -6*h(d) - 7*t(d). What is the units digit of x(y)?
2
Let p(y) be the first derivative of y**4/4 - 2*y**3 - 11*y**2/2 + 12*y + 4. What is the units digit of p(8)?
2
Suppose -2*l - c + 5*c = -102, l - 57 = -c. Let s be (9/5)/(11/l). What is the tens digit of (-66)/(-4)*12/s?
2
Let m be 6/(-10)*(1 + -36). Let i be (-3)/((-9)/3) + 1. Suppose -27 - m = -i*h. What is the units digit of h?
4
Suppose 7*p - 244 = 729. What is the hundreds digit of p?
1
Let l(g) = -g**3 - 10*g**2 + g - 4. Let w be l(-6). Let j = 294 + w. Suppose f = 6*f - j. What is the tens digit of f?
2
What is the tens digit of 396/(-110)*(-3810)/4?
2
Let k be (22/6)/(3/18). Let o = -6 - -16. Suppose 2*d - o = k. What is the units digit of d?
6
Suppose 0 = -14*l + 5105 + 901. What is the units digit of l?
9
Let m(y) = 30*y**2 + 50*y - 373. What is the thousands digit of m(8)?
1
Let h = 15 + -15. Let u(k) = k**3 + 5*k**2 + 6*k + 5. Let g be u(-4). What is the units digit of 4 - (h - (18 - g))?
5
Let b(l) = 48*l**2 - 11*l - 40. What is the tens digit of b(-5)?
1
Let q be (-50)/(-4)*(17 + 7). Suppose -2*v - 4*v + q = 0. What is the tens digit of v?
5
Let x(o) be the third derivative of -7*o**6/720 - 3*o**5/40 + 3*o**4/8 - 10*o**2. Let a(m) be the second derivative of x(m). What is the units digit of a(-4)?
9
Suppose 0 = 9*j - 7*j + 24. Let l(n) = n**2 + 13*n + 30. What is the tens digit of l(j)?
1
Let x(l) = 62*l**2 - 3*l - 3. What is the hundreds digit of x(-3)?
5
Let p = -1332 + 1841. What is the tens digit of p?
0
Let f be (0 + 0)/1*1. Suppose f = -20*u + 15*u + 490. What is the tens digit of u?
9
Let k = -118 + 178. What is the tens digit of k?
6
Suppose -5*m + 15216 - 3458 = p, -m = -4*p - 2360. What is the units digit of m?
2
Let b(u) = -9*u - 19. Let f be b(-10). Let w = f + -37. What is the units digit of w?
4
What is the hundreds digit of (2/5)/(11*(-15)/(-650925))?
5
Let n be (3 + -5)*(-3 - (-129)/6). What is the units digit of n*(-3 - (-1 - 1))?
7
Let l(f) = -11*f + 13. Let p be l(11). Let o = -66 - p. What is the tens digit of o?
4
Let l = 19 + -13. Let c = l - 0. Suppose 5*t - 14 - c = -5*q, -5*q - t = -20. What is the units digit of q?
4
What is the tens digit of (20 - 21)*33*-14?
6
Let h(y) = 5*y**2 - 46*y - 11. What is the tens digit of h(13)?
3
Suppose 4*z = -2*t + 50, t + 2*z = -3*z + 34. Let c = 32 + t. What is the units digit of c?
1
What is the tens digit of -7 - -580*10/10?
7
Let j(u) = -u**2 - 10*u + 4. Let x be j(-10). Let y be x/28 - (-40)/14. Suppose -y*p - 8 = -3*s - 125, 4*p - 161 = 5*s. What is the tens digit of p?
3
Let t(w) = -18*w**3 - 2*w**2 - 4*w - 5. What is the units digit of t(-2)?
9
Let f(d) = -13*d - 7. Suppose 19 = -3*c + z - 5*z, 4*c - 4*z + 16 = 0. Let h(s) = -s**2 - 5*s - 3. Let a be h(c). What is the units digit of f(a)?
2
Suppose 5*f + 2*w - w = 5, 3*w = -3*f - 9. Suppose f*u - 4*u = 4*t - 294, 5*u + 4*t - 759 = 0. What is the hundreds digit of u?
1
Let d(y) = 5*y**2 + 47*y - 163. What is the units digit of d(12)?
1
Let d be 4/((-96)/93) + 2/(-16). Let c(l) = -2*l**3 + l**2 - 7*l - 10. What is the units digit of c(d)?
2
Let u = 407 - 230. Suppose 3*o - u = 84. What is the tens digit of o?
8
What is the thousands digit of 222*(-15)/(-5)*2?
1
Suppose -4*v - 35 = -11*v. Suppose -v*s + 185 = 5*p, 3*p + 0*p = -2*s + 114. What is the tens digit of p?
4
Suppose -5 = 5*y, 5*f = 9*f + 5*y - 4783. What is the thousands digit of f?
1
Let v = 235 - 68. What is the hundreds digit of v?
1
Let w(v) be the third derivative of v**6/30 - v**5/20 + v**4/12 - v**3/2 - 10*v**2. What is the units digit of w(3)?
4
Let i = -104 - -225. Suppose i - 317 = -2*q. What is the tens digit of q?
9
Let w(m) = m**2 - m